 + 7*u + 8. Give n(3).
-7
Let x(y) = 2*y**3 - 59*y**2 - 29*y - 27. Give x(30).
3
Let a(g) = -g**3 - 3*g**2 - 6*g - 5. What is a(-2)?
3
Let i(j) = 3*j**2 + 23*j + 10. Determine i(-7).
-4
Let u(p) = 6*p + 143. Determine u(-26).
-13
Let j(q) = q**3 + 4*q**2 - 8*q - 19. Give j(-5).
-4
Let n(x) = -2*x**3 - 5*x**2 + x - 121. What is n(0)?
-121
Let o(r) = r**2 - 9*r + 5. What is o(9)?
5
Let z(g) = -g**2 - 8*g - 11. Determine z(-4).
5
Let x(f) = 2*f - 3. Calculate x(-3).
-9
Let m(y) = -2*y**2 + 21*y + 9. Give m(8).
49
Let u(k) = 5*k - 57. Determine u(5).
-32
Let c(z) = z**2 - 15*z + 29. Determine c(12).
-7
Let j(g) = -g**2 - 3*g + 4. Calculate j(-5).
-6
Let w(o) = -o**3 - 12*o**2 - 16*o - 3. Give w(-11).
52
Let i(d) = -12*d - 3. Determine i(2).
-27
Let x(q) = -q**2 + q + 2. Calculate x(0).
2
Let g(y) = 2*y**2 - 11*y + 33. What is g(7)?
54
Let b(k) = -6*k - 100. Determine b(-15).
-10
Let i(p) = -p**2 - 16*p - 3. Calculate i(0).
-3
Let m(d) = -42*d**3 - d**2 - 2*d - 1. Calculate m(-1).
42
Let z(h) = 2*h**2 - 4*h - 8. What is z(-2)?
8
Let u(a) = -2*a**3 - 2*a - 6. Determine u(0).
-6
Let o(d) = -d**3 + d**2 + 4*d. What is o(3)?
-6
Let a(f) = f**3 - 3*f**2 - 4*f + 5. What is a(2)?
-7
Let b(m) = 9*m - 8. What is b(6)?
46
Let b(x) = 2*x**3 - 4*x**2 + 3*x - 1. Calculate b(3).
26
Let j(l) = -11*l + 1. Determine j(2).
-21
Let c(t) = 10*t + 46. Give c(-12).
-74
Let h(c) = 15*c - 30. Calculate h(2).
0
Let c(w) = -12*w + 16. Give c(-4).
64
Let y(i) = 20*i**3 - i. Calculate y(1).
19
Let l(r) = 3*r**2 + 3*r. Calculate l(-2).
6
Let v(z) = -z**2 - 7*z - 15. Calculate v(-3).
-3
Let s(h) = h - 1. Calculate s(2).
1
Let i(n) = -83*n + 166. Determine i(2).
0
Let h(o) = -o**2 + 8*o - 6. What is h(3)?
9
Let x(w) = -w**2 - 31*w - 163. Determine x(-22).
35
Let s(h) = -h**3 + 2*h**2 + 4*h. Calculate s(2).
8
Let u(r) = r**3 + 14*r**2 + 27*r + 43. Determine u(-12).
7
Let a(q) = 5*q - 54. What is a(10)?
-4
Let x(h) = -64*h - 50. Calculate x(-1).
14
Let j(t) = 22*t**2 + 6*t - 6. Determine j(2).
94
Let o(t) = 78*t + 695. Calculate o(-9).
-7
Let g(d) = 2*d**2 - 5*d + 3. What is g(3)?
6
Let h(m) = 4*m - 21. Determine h(-2).
-29
Let z(u) = -u**2 + 8*u - 9. Give z(6).
3
Let w(a) = -a**3 + 28*a**2 - a + 43. Determine w(28).
15
Let d(j) = -j**2 + 17*j + 2. Give d(17).
2
Let z(o) = -o**2 - 5. Give z(2).
-9
Let j(k) = k**3 + 7*k**2 - 4*k - 2. Calculate j(1).
2
Let t(q) = -q**3 + 21*q**2 + 6. Determine t(21).
6
Let p(d) = 16*d + 4. What is p(1)?
20
Let r(m) = 12*m + 9. Give r(3).
45
Let b(r) = 3*r - 6. Determine b(-7).
-27
Let y(b) = b**3 - 2*b**2 - 24*b + 13. Give y(6).
13
Let r(u) = 3*u - 5. Determine r(-5).
-20
Let r(a) = -a**3 + 43*a**2 + 38*a + 263. Calculate r(44).
-1
Let g(m) = m**3 + 4*m**2 - 2*m + 2. Give g(-6).
-58
Let g(y) = -y**3 + 5*y**2 - 2*y + 6. Determine g(5).
-4
Let r(v) = 3*v + 17. Give r(-9).
-10
Let l(d) = 3*d**2 - 26*d + 45. What is l(2)?
5
Let m(q) = 4*q - 4. Determine m(0).
-4
Let i(v) = -8*v - 77. Determine i(-11).
11
Let m(h) = -4*h + 7. What is m(5)?
-13
Let m(r) = -10*r - 118. What is m(-12)?
2
Let z(y) = 2*y**3 - 20*y**2 + 2*y - 19. What is z(10)?
1
Let u(d) = 23*d**2 + d + 1. Determine u(-1).
23
Let i(z) = -z**3 - 10*z**2 + 9*z - 10. Determine i(-11).
12
Let n(j) = 2*j**3 + 2*j**2 - j - 2. What is n(2)?
20
Let p(i) = i + 10. Calculate p(4).
14
Let u(k) = -2*k**3 + 3*k - 3. Determine u(2).
-13
Let s(w) = -5*w**2 - 8*w - 15. Determine s(-2).
-19
Let k(x) = 12*x + 32. What is k(-4)?
-16
Let s(t) = t - 47. What is s(0)?
-47
Let v(l) = l**2 + 17*l + 32. What is v(-14)?
-10
Let g(u) = 12*u**2 + 16*u - 1. Determine g(-2).
15
Let b(s) = 6*s. Determine b(-2).
-12
Let o(z) = z**3 - 13*z**2 + 10*z + 6. Determine o(12).
-18
Let k(s) = -s**3 + 30*s**2 - 33*s + 118. Give k(29).
2
Let x(b) = 6*b - 13. Determine x(9).
41
Let l(a) = -a**2 - 20*a + 5. Give l(-21).
-16
Let k(g) = 3*g**3 - g**2 + 12. Give k(-3).
-78
Let q(g) = g**3 - 2*g**2 - 8*g + 4. Give q(4).
4
Let s(z) = -z**3 + 8*z**2 - 3*z + 6. Determine s(7).
34
Let k(r) = -r**3 - r**2 - r - 24. Determine k(0).
-24
Let l(v) = -148*v**3 - 2*v**2 + 6*v - 4. Calculate l(1).
-148
Let w(j) = -j**2 - 15*j - 60. Calculate w(-6).
-6
Let f(t) = -t**3 - 7*t**2 - 7*t + 1. Calculate f(-7).
50
Let k(p) = p**3 + 8*p**2 + 12*p. Determine k(-6).
0
Let z(w) = -33*w + 36. Give z(1).
3
Let t(s) = -s**2 - 21. What is t(0)?
-21
Let p(o) = o**3 - 2*o**2 - 16*o - 23. Give p(-2).
-7
Let b(o) = 9*o - 3. Give b(-2).
-21
Let z(m) = -4*m + 1. What is z(8)?
-31
Let s(o) = o**2 + 5*o + 2. What is s(-4)?
-2
Let i(n) = 5*n + 106. What is i(0)?
106
Let s(q) = -q**2 - 9*q - 11. Give s(-3).
7
Let b(y) = y**2 + 22*y + 10. Calculate b(-19).
-47
Let g(v) = -v**2 - 2*v + 1. What is g(-4)?
-7
Let p(g) = g - 16. Give p(6).
-10
Let v(a) = -a**2 + 4*a + 17. Determine v(9).
-28
Let l(c) = -c**2 + 3*c + 6. What is l(6)?
-12
Let m(v) = v**3 + 14*v**2 - 33*v - 27. Give m(-16).
-11
Let b(n) = n**3 - 2*n**2 - 11*n + 6. What is b(4)?
-6
Let l(j) = 7*j + 35. Give l(-5).
0
Let x(i) = i**2 - 22. What is x(5)?
3
Let u(p) = 11*p - 133. Calculate u(13).
10
Let a(s) = -2*s**3 + 21*s + 18. What is a(0)?
18
Let y(k) = k**3 + 9*k**2 - 11*k + 7. Give y(-10).
17
Let z(p) = p**2 - 10*p + 16. Give z(8).
0
Let t(w) = -w**2 + 4*w. Calculate t(5).
-5
Let q(n) = n**3 + 28*n**2 - 32*n - 86. Determine q(-29).
1
Let x(d) = d**2 + 7. What is x(5)?
32
Let i(r) = -r**2 + 6*r. Calculate i(6).
0
Let o(l) = 58*l - 2. Give o(1).
56
Let z(l) = -l**2 - 15*l + 33. Calculate z(-17).
-1
Let v(k) = -k**2 + 13*k + 263. Give v(-11).
-1
Let n(j) = -j**2 + 14*j - 32. Give n(13).
-19
Let z(p) = p**3 + 3*p**2 - 6*p + 5. What is z(2)?
13
Let n(z) = -z - 31. Determine n(-14).
-17
Let g(m) = -2*m**2 - 6*m + 39. What is g(-6)?
3
Let d(w) = w**2 - 24*w - 60. Determine d(27).
21
Let q(s) = s - 8. Give q(5).
-3
Let u(g) = -4*g - 37. Give u(-14).
19
Let t(k) = -k**2 + 4*k + 72. Calculate t(-8).
-24
Let w(d) = d**2 - 14*d + 30. What is w(11)?
-3
Let o(m) = -3*m**2 + 15*m + 13. Give o(6).
-5
Let n(g) = g**3 + 5*g**2 - g - 18. What is n(-4)?
2
Let j(i) = -i**3 + i**2 - i - 13. What is j(0)?
-13
Let k(n) = -4*n - 28. Calculate k(-7).
0
Let n(g) = 36*g**2 - 68*g + 5. Determine n(2).
13
Let n(m) = -m**3 + m**2 + 3*m - 9. Give n(2).
-7
Let j(w) = w**3 - 13*w**2 + 14*w + 35. Calculate j(12).
59
Let y(p) = p**2 - 4*p - 2. What is y(0)?
-2
Let u(s) = 2*s**2 + 10*s - 3. Give u(4).
69
Let v(t) = t**3 + 24*t**2 - 26*t - 8. Give v(-25).
17
Let p(f) = 22*f - 151. Calculate p(7).
3
Let r(d) = 2*d + 1. What is r(5)?
11
Let q(b) = b**3 - 5*b**2 + 2*b + 4. Determine q(4).
-4
Let y(x) = -7*x**2 - 7*x - 4. What is y(4)?
-144
Let j(q) = 2*q**2 + 78*q + 33. Determine j(-39).
33
Let h(d) = d**3 - 6*d**2 - 2*d - 12. Determine h(5).
-47
Let z(k) = 10*k**2 - 3*k + 4. Determine z(3).
85
Let w(a) = 2*a**2 + 25*a + 57. What is w(-10)?
7
Let q(y) = -y**3 + 11*y**2 - 23*y + 53. Give q(9).
8
Let c(h) = 6*h - 47. Give c(7).
-5
Let r(a) = -8*a - 197. What is r(-25)?
3
Let b(c) = c + 11. Calculate b(-19).
-8
Let j(l) = 4*l**2 - 12*l - 12. Determine j(-1).
4
Let h(c) = -c**3 + 6*c**2 + 6*c + 3. Give h(7).
-4
Let q(g) = 39*g - 970. Determine q(25).
5
Let f(i) = i**2 - 21*i - 64. What is f(24)?
8
Let m(l) = 78*l + 19. Determine m(2).
175
Let q(n) = -10*n + 1. Determine q(4).
-39
Let h(x) = -x**3 + 4*x**2 + 8*x + 18. What is h(6)?
-6
Let n(j) = j**2 + 8*j + 13. Determine n(-5).
-2
Let r(b) = 2*b - 19. Calculate r(8).
-3
Let v(l) = l**2 - 3*l + 14. Determine v(6).
32
Let u(q) = 32*q + 1. Determine u(-1).
-31
Let z(w) = w**3 + 3*w**2 - 6*w + 3. Calculate z(-4).
11
Let w(u) = -u**2 + 11*u - 15. What is w(6)?
15
Let h(l) = -8*l. Determine h(8).
-64
Let w(h) = h - 9. Calculate w(12).
3
Let m(k) = k**2 - 11*k. Calculate m(5).
-30
Let m(a) = a**2 + 7*a + 4. Calculate m(-7).
4
Let u(n) = n**3 - 11*n**2 + 10*n - 6. What is u(10)?
-6
Let v(i) = 33*i + 2. Give v(1).
35
Let l(d) = 19*d + 1. Give l(-1).
-18
Let d(l) = 2*l**3 + 3*l**2 + 2*l + 6. What is d(-3)?
-27
Let s(h) = h**3 - 6*h**2 - 3*h - 3. What is s(7)?
25
Let v(f) = -8*f + 7. Determine v(-5).
47
Let s(w) = w**3 - 6*w**2 + 5*w. Determine s(4).
-12
Let f(a) = a**3 + 3*a**2 + 2*a - 3. Give f(0).
-3
Let l(n) = -2*n**2 + 11*n + 475. Give l(-13).
-6
Let w(q) = q**3 - 10*q**2 + 5*q - 12. Give w(9).
-48
Let h(o) = o